 5*b + 3 = 0, 4*x = 2*b + c. Suppose -4*o + 166 = -5*l + 58, x*o + 5*l - 54 = 0. List the prime factors of o.
3
Let z be (-1632)/(-9) - (-4)/6. Suppose -i = -5*q - z, 2*i = 5*q - 56 + 415. List the prime factors of i.
3, 59
Suppose 49 = -4*k + 1409. What are the prime factors of k?
2, 5, 17
Let y(x) be the third derivative of x**4/12 + 4*x**3/3 - x**2. List the prime factors of y(4).
2
Suppose 70 = 4*c - 0*c + 2*a, 3*a + 65 = 4*c. Suppose c + 3 = -v - 3*o, -3*v = -5*o + 88. Let q = v - -55. List the prime factors of q.
29
Suppose -15190 = -30*n + 25*n. What are the prime factors of n?
2, 7, 31
Suppose 8*r = 7*r + 1, -2*r = -3*n + 9673. What are the prime factors of n?
3, 5, 43
Let j(k) = -6*k**2 + 9*k + 54. Let b(s) = -s**2 + 2*s + 11. Let v(i) = 24*b(i) - 5*j(i). What are the prime factors of v(4)?
2, 3, 17
Let p = 10 - 9. Let y(q) = 166*q**3 + 2*q - 1. Let c be y(p). List the prime factors of c/11 + 4/(-22).
3, 5
Let w(c) = -c**3 - 8*c**2 - 8*c + 6. Let u be 2/(-7) + (-40)/7. Let i be w(u). Let b = 4 - i. List the prime factors of b.
2, 11
Suppose -11*w = -25611 - 15012. List the prime factors of w.
3, 1231
Let t(g) = 15*g**2 + 13*g - 47. List the prime factors of t(6).
571
Let r(q) = -1636*q**3 - 3*q**2 - q. List the prime factors of r(-1).
2, 19, 43
Let a = 14 + 2. Suppose -a*f = -14*f - 46. Suppose -25*t + 72 = -f*t. What are the prime factors of t?
2, 3
Suppose -7 = -4*s - 3*b + 2, 5*b = -4*s - 1. Suppose -5*t + s*t - 2 = 0. Suppose t*n - n = 3. List the prime factors of n.
3
Let v(m) = -m**3 + 10*m**2 - 16*m + 16. Let a be v(6). Suppose p + 2*l - a = 13, 0 = l + 3. List the prime factors of p.
83
Suppose 14*q - 17278 = -2760. What are the prime factors of q?
17, 61
Let q(u) = -u**3 - 31*u**2 + 47*u - 75. List the prime factors of q(-33).
2, 3, 23
Suppose 5*v - 8 = 3*n, n = 4*v - 0*n - 5. Let y be v - 2 - (0 - 3). Suppose 4*t - y*b + 5*b = 0, 10 = 2*t - b. What are the prime factors of t?
3
Let c = 13 + -19. Let p be c/(-2) + 0 + -3. Suppose -4*h + 107 - 7 = p. List the prime factors of h.
5
Let p(f) = 444*f**2 + 31*f + 94. List the prime factors of p(-3).
7, 571
Let s = -3153 + 5777. What are the prime factors of s?
2, 41
Suppose 0*u + u = -a + 4, -2*a - 4*u + 8 = 0. What are the prime factors of ((-12)/18)/(a/(-234))?
3, 13
Let u(k) = 11*k + 19. Let c be u(13). Suppose -5*s - g = -c, -2*g - 69 = -2*s - g. List the prime factors of s.
3, 11
Suppose 0 = 8*y - 7*y + 3*s - 913, -5*s = y - 905. What are the prime factors of y?
5, 37
Suppose -6*w - 10 = 2*v - 4*w, 0 = -4*v - 3*w - 15. Suppose -3*l + v*p + 488 = p, l = 2*p + 158. What are the prime factors of l?
2, 3
Let v = -26 + 28. Suppose -3*n - v = 1, -n + 35 = p. What are the prime factors of p?
2, 3
Let l = 2 + 16. Let d = l - 11. Let y(o) = 3*o + 15. List the prime factors of y(d).
2, 3
List the prime factors of 5*2 + -108 + 2258.
2, 3, 5
Let x = 120 + 3854. List the prime factors of x.
2, 1987
Let l = -3 - -6. List the prime factors of -1 + 73 + l/(-3).
71
Suppose -2*i + 111 = b, -2*b - 114 = -2*i - 0*b. Let o = i + -38. List the prime factors of o.
2, 3
Suppose 0 = -4*z - 8, 386 = -2*d - 0*d - 5*z. Let r = d + 387. List the prime factors of r.
199
Let r(g) = g + 15. Let h be -1*-2*(-6)/(-4). Suppose h*q = 7*q. What are the prime factors of r(q)?
3, 5
Let v(u) = -3*u**3 - 6 - 2*u + 7 + 4*u. Let m be v(-1). Suppose -m*n - 2 + 14 = 0. What are the prime factors of n?
2, 3
Suppose 712*w - 707*w - 875 = 0. What are the prime factors of w?
5, 7
Suppose 4 = 2*o - 4*x, -2*o = 2*o + 4*x + 4. What are the prime factors of -6 - (o - 2) - -40?
2, 3
Suppose 3*s - 12 = -0*s. Suppose 121 = s*u + 5*a, -3*u + 3*a + 48 = -9. What are the prime factors of u?
2, 3
Suppose -z - 3 = -5*n, 0*z + 5*n = 4*z - 3. Suppose 0 = b + z*q - q - 5, 4*q = 0. Suppose b*a + 9 = 189. What are the prime factors of a?
2, 3
Let c be (2 - 14/6)*-3*3. Suppose -3*r + 126 = c. What are the prime factors of r?
41
Let w = -194 - -250. List the prime factors of w.
2, 7
Let g(u) = 63*u - 3. Let w(b) = -21*b + 1. Let o(n) = 2*g(n) + 7*w(n). Let y be o(-3). Let m = -39 + y. What are the prime factors of m?
5
Suppose -m + 3*l = -2*l - 8, 3*m - l = -4. Let u be (4/8)/(m/(-220)). Let n = -35 + u. List the prime factors of n.
2, 5
Suppose 8*o - 301 = 4499. What are the prime factors of o?
2, 3, 5
Let b = -494 + 702. Suppose 4*x = -0*x + b. What are the prime factors of x?
2, 13
Suppose j - 4 = -0. Suppose -j*m = -3*m - 2. Suppose 7*b = m*b + 95. List the prime factors of b.
19
Let v = 1536 + 473. What are the prime factors of v?
7, 41
Suppose -2*f - 5*z + 32 = 0, -2*f - 3*z - z = -30. Let m = f - 9. Suppose -3*t = t + w - 56, -5*w - 28 = -m*t. What are the prime factors of t?
2, 7
Suppose 0 = -5*d + 1028 + 1387. What are the prime factors of d?
3, 7, 23
List the prime factors of ((-4)/(-10))/(4 + 5874/(-1470)).
2, 7
What are the prime factors of -84*(161/(-28) - -5)?
3, 7
Let t(x) = x**3 + 3*x**2 - 2*x - 3. Let s be t(-3). Let j(f) = 26*f - 4. List the prime factors of j(s).
2, 37
What are the prime factors of (-6 + -11*(-9)/15)*2455?
3, 491
Let i be (-4)/14 - 3*96/(-126). Suppose 139 + 123 = i*r. What are the prime factors of r?
131
Suppose -5*q - 585 = 125. Let a = 224 + q. What are the prime factors of a?
2, 41
Suppose 82*q - 5148 = 70*q. List the prime factors of q.
3, 11, 13
Suppose 85622 = -90*a + 121*a. What are the prime factors of a?
2, 1381
Suppose -5*z + 2*z + 1804 = 5*f, 4*f - 3*z = 1427. What are the prime factors of f?
359
Let h(p) = -23*p + 42. What are the prime factors of h(-5)?
157
Suppose 4*b - 2*b + z = 6, 2 = 2*b + 2*z. Suppose h - 152 = -2*o, -3*h + 250 = -b*o - 261. What are the prime factors of h?
2, 3
Let s be (27/(-45))/(-1 + 4/5). Let m(g) = 20*g + 1. Let i be m(2). Suppose l + s*x - i = -x, 0 = 3*x - 12. List the prime factors of l.
5
Let i be 35/14*(-12)/(-10). Suppose i*b + 2 - 14 = 0. List the prime factors of b.
2
Let x = -20 + 25. Suppose -f + 2*d = -6*f + 17, x*f - 4*d - 41 = 0. Suppose 273 = f*l + 53. What are the prime factors of l?
2, 11
Let w(r) = 0*r**3 + r**2 - 2*r + r**3 + r + 3*r**2. Let b be w(-4). Suppose 0 = -b*j + j + 108. What are the prime factors of j?
2, 3
Suppose -781 = -5*h - 4*u + 1141, -15 = -5*u. List the prime factors of h.
2, 191
What are the prime factors of -4 + -3*(-2 + 428/(-4))?
17, 19
Suppose 8*l - 3*l + 2706 = 2*k, 5*l - 2706 = -2*k. What are the prime factors of k?
3, 11, 41
Let k = 1 + 5. Let o be (70/21)/(4/k). Let d(y) = -y**2 + 8*y - 7. List the prime factors of d(o).
2
Suppose -4*u + 4464 = -7356. List the prime factors of u.
3, 5, 197
Let o(l) = l**3 - 4*l**2 - 4*l - 3. Let d be o(5). Let w be 109 + (9 - 13 - 1). Suppose d*x - 23 - 24 = 3*s, 4*x = 4*s + w. What are the prime factors of x?
31
Let c(y) = -y**3 - 8*y**2 - 9*y + 7. Let v be c(-6). Let i(l) = -19*l - 81. Let t(h) = -4*h - 16. Let q(m) = v*t(m) + 2*i(m). List the prime factors of q(7).
2, 7
List the prime factors of (6*(-300)/(-18))/(6/255).
2, 5, 17
Let q(v) be the second derivative of v**4/2 - v**3/3 + 3*v**2 + 11*v. List the prime factors of q(-3).
2, 3, 11
Let j = 21 - 19. Suppose j*f - 33 - 51 = 0. List the prime factors of f.
2, 3, 7
Let l = 57 - 57. Suppose l = -f + 5*f - 264. List the prime factors of f.
2, 3, 11
Let q(k) = 122*k**2 - k - 9. What are the prime factors of q(3)?
2, 3, 181
Suppose 2*x + 16 = -2*b, -4*b + 2*x - 14 = -3*x. Let t be 27/b - (-12)/(-8). What are the prime factors of t*(0 - (-28)/(-8))?
3, 7
Suppose -4*j + 3*a + 20 = 0, -4*j = 5*a - 12 - 8. Suppose 2*f - f - 5*v + 22 = 0, -2*f + 5*v = 19. Suppose -f*b = -50 + j. What are the prime factors of b?
3, 5
Suppose 45*h - 48418 = 2*h. List the prime factors of h.
2, 563
Let j(g) = -44*g. Let t be j(6). Let q = t + 414. Suppose -5*m = -2*u - q, -m + 14 + 34 = -4*u. List the prime factors of m.
2, 7
Let s be ((-10)/7)/((-4)/28). Suppose u - s = 11. Suppose -w + 11 = 2*t, -4*t + 3*w + 58 - u = 0. What are the prime factors of t?
7
List the prime factors of (6/(-15))/(8/(-11040)) - 2.
2, 5, 11
Let z = -30 - -30. Let r(b) = b - 37. Let u be r(z). Let j = 56 + u. What are the prime factors of j?
19
Let q = -217 + 491. List the prime factors of q.
2, 137
Let q = 410 - -479. List the prime factors of q.
7, 127
Let a = -33 - 26. Let u